[INFO] cloning repository https://github.com/exul/ruma-identifiers-sample
[INFO] running `Command { std: "git" "-c" "credential.helper=" "-c" "credential.helper=/workspace/cargo-home/bin/git-credential-null" "clone" "--bare" "https://github.com/exul/ruma-identifiers-sample" "/workspace/cache/git-repos/https%3A%2F%2Fgithub.com%2Fexul%2Fruma-identifiers-sample", kill_on_drop: false }`
[INFO] [stderr] Cloning into bare repository '/workspace/cache/git-repos/https%3A%2F%2Fgithub.com%2Fexul%2Fruma-identifiers-sample'...
[INFO] running `Command { std: "git" "rev-parse" "HEAD", kill_on_drop: false }`
[INFO] [stdout] 2e32e2d394bca2825d39259873ebb69b23e64add
[INFO] checking exul/ruma-identifiers-sample against master#af3c6e733a40e671550e0f0f5aeecaa13772ba56 for pr-74989
[INFO] running `Command { std: "git" "clone" "/workspace/cache/git-repos/https%3A%2F%2Fgithub.com%2Fexul%2Fruma-identifiers-sample" "/workspace/builds/worker-9/source", kill_on_drop: false }`
[INFO] [stderr] Cloning into '/workspace/builds/worker-9/source'...
[INFO] [stderr] done.
[INFO] validating manifest of git repo https://github.com/exul/ruma-identifiers-sample on toolchain af3c6e733a40e671550e0f0f5aeecaa13772ba56
[INFO] running `Command { std: "/workspace/cargo-home/bin/cargo" "+af3c6e733a40e671550e0f0f5aeecaa13772ba56" "read-manifest" "--manifest-path" "Cargo.toml", kill_on_drop: false }`
[INFO] started tweaking git repo https://github.com/exul/ruma-identifiers-sample
[INFO] finished tweaking git repo https://github.com/exul/ruma-identifiers-sample
[INFO] tweaked toml for git repo https://github.com/exul/ruma-identifiers-sample written to /workspace/builds/worker-9/source/Cargo.toml
[INFO] crate git repo https://github.com/exul/ruma-identifiers-sample already has a lockfile, it will not be regenerated
[INFO] running `Command { std: "/workspace/cargo-home/bin/cargo" "+af3c6e733a40e671550e0f0f5aeecaa13772ba56" "fetch" "--locked" "--manifest-path" "Cargo.toml", kill_on_drop: false }`
[INFO] running `Command { std: "docker" "create" "-v" "/var/lib/crater-agent-workspace/builds/worker-9/target:/opt/rustwide/target:rw,Z" "-v" "/var/lib/crater-agent-workspace/builds/worker-9/source:/opt/rustwide/workdir:ro,Z" "-v" "/var/lib/crater-agent-workspace/cargo-home:/opt/rustwide/cargo-home:ro,Z" "-v" "/var/lib/crater-agent-workspace/rustup-home:/opt/rustwide/rustup-home:ro,Z" "-e" "SOURCE_DIR=/opt/rustwide/workdir" "-e" "CARGO_TARGET_DIR=/opt/rustwide/target" "-e" "CARGO_HOME=/opt/rustwide/cargo-home" "-e" "RUSTUP_HOME=/opt/rustwide/rustup-home" "-w" "/opt/rustwide/workdir" "-m" "1610612736" "--user" "0:0" "--network" "none" "rustops/crates-build-env@sha256:d92eaeed33fa75130ca1ee6c8a01d1ffb62bac859dfdfb3450e3e5d1c0146529" "/opt/rustwide/cargo-home/bin/cargo" "+af3c6e733a40e671550e0f0f5aeecaa13772ba56" "metadata" "--no-deps" "--format-version=1", kill_on_drop: false }`
[INFO] [stdout] 58ed52d4ad7be9c2ff116834b30c66d8c24e3ad7b74f96a1096aba1107241e09
[INFO] [stderr] WARNING: Your kernel does not support swap limit capabilities or the cgroup is not mounted. Memory limited without swap.
[INFO] running `Command { std: "docker" "start" "-a" "58ed52d4ad7be9c2ff116834b30c66d8c24e3ad7b74f96a1096aba1107241e09", kill_on_drop: false }`
[INFO] running `Command { std: "docker" "inspect" "58ed52d4ad7be9c2ff116834b30c66d8c24e3ad7b74f96a1096aba1107241e09", kill_on_drop: false }`
[INFO] running `Command { std: "docker" "rm" "-f" "58ed52d4ad7be9c2ff116834b30c66d8c24e3ad7b74f96a1096aba1107241e09", kill_on_drop: false }`
[INFO] [stdout] 58ed52d4ad7be9c2ff116834b30c66d8c24e3ad7b74f96a1096aba1107241e09
[INFO] running `Command { std: "docker" "create" "-v" "/var/lib/crater-agent-workspace/builds/worker-9/target:/opt/rustwide/target:rw,Z" "-v" "/var/lib/crater-agent-workspace/builds/worker-9/source:/opt/rustwide/workdir:ro,Z" "-v" "/var/lib/crater-agent-workspace/cargo-home:/opt/rustwide/cargo-home:ro,Z" "-v" "/var/lib/crater-agent-workspace/rustup-home:/opt/rustwide/rustup-home:ro,Z" "-e" "SOURCE_DIR=/opt/rustwide/workdir" "-e" "CARGO_TARGET_DIR=/opt/rustwide/target" "-e" "CARGO_INCREMENTAL=0" "-e" "RUST_BACKTRACE=full" "-e" "RUSTFLAGS=--cap-lints=forbid" "-e" "CARGO_HOME=/opt/rustwide/cargo-home" "-e" "RUSTUP_HOME=/opt/rustwide/rustup-home" "-w" "/opt/rustwide/workdir" "-m" "1610612736" "--user" "0:0" "--network" "none" "rustops/crates-build-env@sha256:d92eaeed33fa75130ca1ee6c8a01d1ffb62bac859dfdfb3450e3e5d1c0146529" "/opt/rustwide/cargo-home/bin/cargo" "+af3c6e733a40e671550e0f0f5aeecaa13772ba56" "check" "--frozen" "--all" "--all-targets" "--message-format=json", kill_on_drop: false }`
[INFO] [stderr] WARNING: Your kernel does not support swap limit capabilities or the cgroup is not mounted. Memory limited without swap.
[INFO] [stdout] d4e4b4465133356edfcb66d4a34cc9a56cf6ce62d63c7b22a8266efcfbd0d13b
[INFO] running `Command { std: "docker" "start" "-a" "d4e4b4465133356edfcb66d4a34cc9a56cf6ce62d63c7b22a8266efcfbd0d13b", kill_on_drop: false }`
[INFO] [stderr]    Compiling proc-macro2 v0.4.27
[INFO] [stderr]    Compiling pkg-config v0.3.14
[INFO] [stderr]    Compiling unicode-xid v0.1.0
[INFO] [stderr]    Compiling byteorder v1.3.1
[INFO] [stderr]    Compiling libc v0.2.48
[INFO] [stderr]     Checking void v1.0.2
[INFO] [stderr]    Compiling memchr v2.1.3
[INFO] [stderr]     Checking matches v0.1.8
[INFO] [stderr]     Checking ucd-util v0.1.3
[INFO] [stderr]     Checking rand_core v0.4.0
[INFO] [stderr]     Checking lazy_static v1.2.0
[INFO] [stderr]     Checking percent-encoding v1.0.1
[INFO] [stderr]     Checking utf8-ranges v1.0.2
[INFO] [stderr]    Compiling syn v0.11.11
[INFO] [stderr]     Checking unicode-bidi v0.3.4
[INFO] [stderr]     Checking unreachable v1.0.0
[INFO] [stderr]     Checking thread_local v0.3.6
[INFO] [stderr]     Checking regex-syntax v0.6.5
[INFO] [stderr]     Checking smallvec v0.6.8
[INFO] [stderr]     Checking rand_core v0.3.1
[INFO] [stderr]     Checking unicode-normalization v0.1.8
[INFO] [stderr]    Compiling libsqlite3-sys v0.12.0
[INFO] [stderr]    Compiling quote v0.6.11
[INFO] [stderr]     Checking rand v0.5.6
[INFO] [stderr]    Compiling syn v0.15.26
[INFO] [stderr]     Checking aho-corasick v0.6.9
[INFO] [stderr]     Checking idna v0.1.5
[INFO] [stderr]     Checking url v1.7.2
[INFO] [stderr]     Checking regex v1.1.0
[INFO] [stderr]    Compiling diesel_derives v1.4.0
[INFO] [stderr]    Compiling diesel v1.4.1
[INFO] [stderr]     Checking migrations_internals v1.4.0
[INFO] [stderr]     Checking ruma-identifiers v0.11.0 (http://github.com/ruma/ruma-identifiers#dbbc8be7)
[INFO] [stderr]    Compiling migrations_macros v1.4.0
[INFO] [stderr]     Checking diesel_migrations v1.4.0
[INFO] [stderr]     Checking diesel-min v0.1.0 (/opt/rustwide/workdir)
[INFO] [stdout] error[E0277]: the trait bound `UserId: diesel::Expression` is not satisfied
[INFO] [stdout]   --> src/main.rs:31:10
[INFO] [stdout]    |
[INFO] [stdout] 31 | #[derive(Insertable)]
[INFO] [stdout]    |          ^^^^^^^^^^ the trait `diesel::Expression` is not implemented for `UserId`
[INFO] [stdout]    |
[INFO] [stdout]    = note: required because of the requirements on the impl of `diesel::Expression` for `&UserId`
[INFO] [stdout]    = note: required because of the requirements on the impl of `AsExpression<diesel::sql_types::Text>` for `&UserId`
[INFO] [stdout]    = note: this error originates in a derive macro (in Nightly builds, run with -Z macro-backtrace for more info)
[INFO] [stdout] 
[INFO] [stdout] 
[INFO] [stdout] error[E0277]: the trait bound `UserId: diesel::Expression` is not satisfied
[INFO] [stdout]   --> src/main.rs:31:10
[INFO] [stdout]    |
[INFO] [stdout] 31 | #[derive(Insertable)]
[INFO] [stdout]    |          ^^^^^^^^^^ the trait `diesel::Expression` is not implemented for `UserId`
[INFO] [stdout]    |
[INFO] [stdout]    = note: required because of the requirements on the impl of `diesel::Expression` for `&UserId`
[INFO] [stdout]    = note: this error originates in a derive macro (in Nightly builds, run with -Z macro-backtrace for more info)
[INFO] [stdout] 
[INFO] [stdout] 
[INFO] [stdout] error[E0277]: the trait bound `UserId: diesel::Expression` is not satisfied
[INFO] [stdout]   --> src/main.rs:31:10
[INFO] [stdout]    |
[INFO] [stdout] 31 | #[derive(Insertable)]
[INFO] [stdout]    |          ^^^^^^^^^^ the trait `diesel::Expression` is not implemented for `UserId`
[INFO] [stdout]    |
[INFO] [stdout]    = note: required because of the requirements on the impl of `diesel::Expression` for `&'a UserId`
[INFO] [stdout]    = note: required because of the requirements on the impl of `AsExpression<diesel::sql_types::Text>` for `&'a UserId`
[INFO] [stdout]    = note: this error originates in a derive macro (in Nightly builds, run with -Z macro-backtrace for more info)
[INFO] [stdout] 
[INFO] [stdout] 
[INFO] [stdout] error[E0277]: the trait bound `UserId: diesel::Expression` is not satisfied
[INFO] [stdout]   --> src/main.rs:31:10
[INFO] [stdout]    |
[INFO] [stdout] 31 | #[derive(Insertable)]
[INFO] [stdout]    |          ^^^^^^^^^^ the trait `diesel::Expression` is not implemented for `UserId`
[INFO] [stdout]    |
[INFO] [stdout]    = note: required because of the requirements on the impl of `diesel::Expression` for `&UserId`
[INFO] [stdout]    = note: required because of the requirements on the impl of `AsExpression<diesel::sql_types::Text>` for `&UserId`
[INFO] [stdout]    = note: this error originates in a derive macro (in Nightly builds, run with -Z macro-backtrace for more info)
[INFO] [stdout] 
[INFO] [stdout] 
[INFO] [stdout] error[E0277]: the trait bound `UserId: diesel::Expression` is not satisfied
[INFO] [stdout]   --> src/main.rs:31:10
[INFO] [stdout]    |
[INFO] [stdout] 31 | #[derive(Insertable)]
[INFO] [stdout]    |          ^^^^^^^^^^ the trait `diesel::Expression` is not implemented for `UserId`
[INFO] [stdout]    |
[INFO] [stdout]    = note: required because of the requirements on the impl of `diesel::Expression` for `&UserId`
[INFO] [stdout]    = note: this error originates in a derive macro (in Nightly builds, run with -Z macro-backtrace for more info)
[INFO] [stdout] 
[INFO] [stdout] 
[INFO] [stdout] error[E0277]: the trait bound `UserId: diesel::Expression` is not satisfied
[INFO] [stdout]   --> src/main.rs:31:10
[INFO] [stdout]    |
[INFO] [stdout] 31 | #[derive(Insertable)]
[INFO] [stdout]    |          ^^^^^^^^^^ the trait `diesel::Expression` is not implemented for `UserId`
[INFO] [stdout]    |
[INFO] [stdout]    = note: required because of the requirements on the impl of `diesel::Expression` for `&'a UserId`
[INFO] [stdout]    = note: this error originates in a derive macro (in Nightly builds, run with -Z macro-backtrace for more info)
[INFO] [stdout] 
[INFO] [stdout] 
[INFO] [stdout] error: aborting due to 4 previous errors
[INFO] [stdout] 
[INFO] [stdout] 
[INFO] [stdout] For more information about this error, try `rustc --explain E0277`.
[INFO] [stdout] 
[INFO] [stdout] error[E0277]: the trait bound `UserId: diesel::Expression` is not satisfied
[INFO] [stdout]   --> src/main.rs:31:10
[INFO] [stdout]    |
[INFO] [stdout] 31 | #[derive(Insertable)]
[INFO] [stdout]    |          ^^^^^^^^^^ the trait `diesel::Expression` is not implemented for `UserId`
[INFO] [stdout]    |
[INFO] [stdout]    = note: required because of the requirements on the impl of `diesel::Expression` for `&'a UserId`
[INFO] [stdout]    = note: required because of the requirements on the impl of `AsExpression<diesel::sql_types::Text>` for `&'a UserId`
[INFO] [stdout]    = note: this error originates in a derive macro (in Nightly builds, run with -Z macro-backtrace for more info)
[INFO] [stdout] 
[INFO] [stdout] 
[INFO] [stdout] error[E0277]: the trait bound `UserId: diesel::Expression` is not satisfied
[INFO] [stdout]   --> src/main.rs:31:10
[INFO] [stdout]    |
[INFO] [stdout] 31 | #[derive(Insertable)]
[INFO] [stdout]    |          ^^^^^^^^^^ the trait `diesel::Expression` is not implemented for `UserId`
[INFO] [stdout]    |
[INFO] [stdout]    = note: required because of the requirements on the impl of `diesel::Expression` for `&'a UserId`
[INFO] [stdout]    = note: this error originates in a derive macro (in Nightly builds, run with -Z macro-backtrace for more info)
[INFO] [stdout] 
[INFO] [stdout] 
[INFO] [stdout] error: aborting due to 4 previous errors
[INFO] [stdout] 
[INFO] [stdout] 
[INFO] [stdout] For more information about this error, try `rustc --explain E0277`.
[INFO] [stdout] 
[INFO] [stderr] error: could not compile `diesel-min`.
[INFO] [stderr] 
[INFO] [stderr] To learn more, run the command again with --verbose.
[INFO] [stderr] warning: build failed, waiting for other jobs to finish...
[INFO] [stderr] error: build failed
[INFO] running `Command { std: "docker" "inspect" "d4e4b4465133356edfcb66d4a34cc9a56cf6ce62d63c7b22a8266efcfbd0d13b", kill_on_drop: false }`
[INFO] running `Command { std: "docker" "rm" "-f" "d4e4b4465133356edfcb66d4a34cc9a56cf6ce62d63c7b22a8266efcfbd0d13b", kill_on_drop: false }`
[INFO] [stdout] d4e4b4465133356edfcb66d4a34cc9a56cf6ce62d63c7b22a8266efcfbd0d13b
